pose 5*a + 2*z - 3*z = 136, 5*z + c = 3*a. List the prime factors of a.
2, 7
Let s be (-5)/(10/(-4)) - 0. Let y be 1 - (s + -3 - -40). List the prime factors of y/(-8) - 4/(-16).
5
Let w(h) = -6*h**2 - 5*h - 2. Let t(n) = -7*n**2 - 6*n - 3. Let z(p) = 3*t(p) - 4*w(p). List the prime factors of z(-3).
2, 5
Suppose -258 = -4*r - 3*f - 0*f, -134 = -2*r + f. Suppose -r = -z - z - 4*i, 0 = -2*z + 4*i + 66. What are the prime factors of z?
3, 11
Let x(r) = -2 + 1 + r**2 - 3 + 0. What are the prime factors of x(3)?
5
Suppose 0 = s - 0*s - 2. Suppose s + 2 = 2*d. What are the prime factors of d?
2
Let o = 35 + -25. What are the prime factors of o?
2, 5
Let y be (-2)/8 + (-13)/(-4). Suppose 0*t = y*t - 18. Let l = t - -4. What are the prime factors of l?
2, 5
Let n be (1/(-2))/((-5)/60). Let f be 3/2*12/9. Suppose -4*y = q - n - 4, 3*y - f*q = 2. What are the prime factors of y?
2
Let j be (18/4)/(6/(-40)). Let m be (4/12)/((-2)/j). Suppose m*a - 42 - 8 = 2*u, -a - 3*u = -10. List the prime factors of a.
2, 5
Let d(v) = -v - 3. Let k be d(-4). Let g be (-57)/12 - (-9)/12. Let f = k - g. List the prime factors of f.
5
Suppose -3*x + 12 = -5*x. What are the prime factors of ((-52)/x)/(14/21)?
13
Let k = 48 - -67. What are the prime factors of k?
5, 23
Suppose -22 - 22 = -3*h + 4*k, -2*k + 8 = h. Suppose s - 4*s = -h. List the prime factors of s.
2
Suppose -y - 1 = -2*h + 3*h, 4*h = -20. Suppose 3*w = -y*g + 146, w - 105 - 2 = -3*g. List the prime factors of g.
5, 7
What are the prime factors of (-18)/12*(-210)/9?
5, 7
Suppose -4*s = -0*s - 48. List the prime factors of (s/10)/(6/20).
2
Let l be 0 - (-98 - (2 + -1)). Suppose -4*v + l = -0*v - 3*z, -4*v - 2*z = -94. List the prime factors of v.
2, 3
Suppose -16*p + 4092 = 28. What are the prime factors of p?
2, 127
Let s = -1 + 39. List the prime factors of s.
2, 19
Suppose 0 = -5*y + 38 + 7. What are the prime factors of y?
3
Let v = 43 + -30. What are the prime factors of v?
13
Suppose 378 = 4*o + 3*f, 3*f - f = -3*o + 283. What are the prime factors of o?
3, 31
Suppose -x + 290 = 2*x + z, -4 = 4*z. List the prime factors of x.
97
Suppose -p - 3 = -2*s + 1, 2 = -2*s + 4*p. Suppose s*o = 4*w + 5, -3*o + 6*o - 5*w = 1. What are the prime factors of o?
7
Let i = 2 + 6. Let o = -4 + i. What are the prime factors of 55/o - 2/(-8)?
2, 7
Let d(j) = 0 - j + 2*j - 6. Let g be d(6). Suppose -4*h + 16 = 4*b, 4*h - 4*b - 32 = -g. What are the prime factors of h?
2, 3
What are the prime factors of 6 + 13 - 12/3?
3, 5
Let t be 3/15 + 807/15. Suppose -2*d = d - t. Suppose u - d = -u. List the prime factors of u.
3
Let b(x) = 13*x + 11. What are the prime factors of b(2)?
37
Suppose 3*l - 42 = 2*g, -l + 4*g = g - 21. Suppose -l = 5*z - 37. Suppose 55 = -0*a + z*a. What are the prime factors of a?
11
Suppose 151 = -0*z + 4*z + l, -5*z + 2*l = -179. What are the prime factors of z?
37
Let d(v) = 10*v + 5. Let m be d(10). Suppose 0 = -0*f + 5*f - m. What are the prime factors of f?
3, 7
Let p(g) = -g**3 + g**2 + 2*g. Let t be p(2). Suppose 5*c + t*c = 60. What are the prime factors of c?
2, 3
Let l(h) = -5*h**3 - 4*h**2 - 5*h + 4. List the prime factors of l(-3).
2, 59
Suppose 0 + 8 = 4*x. Let v = -17 - -29. Suppose 3*k = -k + 8, x*q = k + v. List the prime factors of q.
7
Let i = -2 + 9. Let v(j) = -7*j**2 + i*j - j - j**3 + 2*j + 6. What are the prime factors of v(-8)?
2, 3
What are the prime factors of (11/(-22))/(2/(-20))?
5
What are the prime factors of 237/9 + 2/3?
3
Let z = 91 + 115. List the prime factors of z.
2, 103
Suppose -3*s = -6, 33 = 3*t - 5*s - 14. What are the prime factors of t?
19
Let d be 6/(-39) + (-490)/26. Let t = d + 43. List the prime factors of t.
2, 3
Let b = 198 + 102. What are the prime factors of b?
2, 3, 5
Suppose -9*u + 68 = -8*u. What are the prime factors of u?
2, 17
Let a be 2 - -5 - (2 - 0). Suppose z + 0 + a = 0. Let h = z - -10. What are the prime factors of h?
5
Let s(w) = -14*w + 4. Let l(t) = -13*t + 5. Let r(d) = -6*l(d) + 5*s(d). What are the prime factors of r(7)?
2, 23
Suppose -p - r + 54 = 0, 4*r = p - r - 72. What are the prime factors of p?
3, 19
Let u be 1 - ((-4)/2 + 1). Suppose 4*q - 3*r - 8 = 6, 4 = u*r. List the prime factors of q.
5
Suppose -5*n - 94 = 116. Let d be n/(-12)*(2 - 0). Suppose -h - 3*u = 4, 16 = 3*h + 2*u - d*u. List the prime factors of h.
2
Let j = 3 - -1. Let c(k) = k**2 - 3*k. Let x be c(3). Suppose x = -j*v + 21 + 27. What are the prime factors of v?
2, 3
Suppose 7*i - i = 1812. List the prime factors of i.
2, 151
Let m = 3 + 41. What are the prime factors of m?
2, 11
Let i(u) = 54*u**2 - u - 8. List the prime factors of i(2).
2, 103
Let v be 33/(-12) - (-1)/(-4). Let a = v + 5. What are the prime factors of a?
2
Suppose m - 3*s + 10 = 0, -m + 3*s - 14 = -s. Let x be (-2)/(-3) + (-2)/3. Suppose m = -x*c - c, -3*r = -c - 26. List the prime factors of r.
2
Suppose 9*d - 20 = 5*d. Suppose 0 = -3*n + 8*n + 4*k - 99, -k = -d*n + 119. List the prime factors of n.
23
List the prime factors of (-4 + 5)*(-17)/(-1).
17
Let h(m) be the third derivative of -m**6/30 + m**5/30 + 5*m**4/24 - m**3/2 + 2*m**2. Let v be h(3). List the prime factors of v/(-18) - (-2)/3.
5
Suppose -4*q + 323 = 3*v, -2 = 5*q + 18. List the prime factors of v.
113
Let c(p) = -2*p**3 - 5*p**2 + 5*p + 7. What are the prime factors of c(-4)?
5, 7
Suppose 2*w - x = -3*x + 4, 3*x = -3. Suppose 3 + 27 = w*n. What are the prime factors of n?
2, 5
Suppose 0 = 4*r + 5*n - 129, 77 = r + r + 5*n. List the prime factors of r.
2, 13
Let w = 5 + -3. Let q be -3*2/4*w. List the prime factors of (2/4)/(q/(-66)).
11
Suppose 0 = -5*d - 3*n + 31, -4*n + n = d - 11. Suppose l = -3, 2*l = -d*m + 7*l + 50. List the prime factors of m.
7
Let l(p) = p**2 + 14*p + 5. Let s be 732/(-48) + (-2)/(-8). What are the prime factors of l(s)?
2, 5
Let s be (2 - 1 - -5)/2. Suppose -2*w = -2, 0 = -s*n - 2*w + w + 34. What are the prime factors of n?
11
Suppose -5*i + 102 = -3*l, l + 66 = 3*i - 2*l. Suppose 0 = 5*q - 10, -3*q - i = -2*f - 2. List the prime factors of f.
11
Let t(r) = 4*r + 14. List the prime factors of t(14).
2, 5, 7
Let g(x) = -1 + 3*x**3 - 2*x**2 - x**3 - 2*x - 3*x**3. Let z be g(-3). Suppose m - 3*r = z, 3*m = -r - 4*r + 28. What are the prime factors of m?
11
Suppose y = -3*k + 7*k + 77, 3*k - 3*y = -51. Let h(j) = j**3 + 4*j**2 - 5*j - 4. Let d be h(-5). List the prime factors of k/d + (1 - 0).
2, 3
Let g(h) be the second derivative of h**4/12 + 5*h**3/3 + 7*h**2/2 + h. Suppose -4*c + 10*c + 66 = 0. List the prime factors of g(c).
2, 3
Let z(t) be the second derivative of t**6/720 + t**5/40 + t**4/12 - t. Let q(g) be the third derivative of z(g). What are the prime factors of q(8)?
11
Suppose -10 = -5*m, 0 = -v + 5*v - 3*m - 238. What are the prime factors of v?
61
Let v(p) = -p + 1. Let i be v(-4). Suppose -4*s - 1 = -5*s. Let f = i - s. What are the prime factors of f?
2
Let o(h) = -2*h**3 - 2*h**2 - h. Let t = -2 + 0. Let x be o(t). What are the prime factors of 2*(-5)/(x/(-8))?
2
Let p(a) = a**3 - 5*a**2 + a + 8. Let v(r) = 3*r**3 - 9*r**2 + 3*r + 17. Let q(z) = 5*p(z) - 2*v(z). List the prime factors of q(-7).
13
Let r = 12 + -8. Suppose -2*v = -v + r*m - 9, 12 = -v + 3*m. List the prime factors of (10/v)/(1/(-3)).
2, 5
Let p(x) = x**2 + x - 8. Let b(m) = -m - 1. Let y(z) = -z. Let w(f) = -b(f) + 2*y(f). Let n(v) = -p(v) - 2*w(v). What are the prime factors of n(0)?
2, 3
List the prime factors of (306 - 3) + (1 - 6).
2, 149
What are the prime factors of (-9)/(-63) + 76/7?
11
Suppose -3*q - u = 9, 5*q - 5*u = -u - 32. Let a be (-1)/(-2) + (-10)/q. Suppose y - 4*y - 4*g + 28 = 0, a*g = -5*y + 43. List the prime factors of y.
2
Let h(n) = n**3 - 14*n**2 + 13*n + 10. List the prime factors of h(13).
2, 5
List the prime factors of (70/(-15)*1)/((-4)/18).
3, 7
Let z(f) = 34*f - 18. List the prime factors of z(3).
2, 3, 7
Let t(z) = z**2 + 5*z - 2. Let w be t(-4). Suppose 4*j - 3*j = 8. Let q = w + j. List the prime factors of q.
2
Let p(c) = 2*c**2 + 4*c + 1. List the prime factors of p(-5).
31
Let l(d) = d**3 + 11*d**2 + 2*d. Let i be l(-5). Suppose j - 5*j = -i. Suppose -7*h - 4*a + j = -2*h, 0 = -4*a - 20. What are the prime factors of h?
11
Suppose -4*a + 9 = 2*f - 71, 3*f = -2*a + 140. List the